t are the prime factors of 116074392?
2, 3, 7, 690919
What are the prime factors of 3076547708?
2, 13, 29, 2040151
What are the prime factors of 1326229819?
1326229819
What are the prime factors of 2524407535?
5, 13, 199, 195161
What are the prime factors of 3110626424?
2, 233, 1668791
List the prime factors of 58895349.
3, 53, 370411
List the prime factors of 139410048.
2, 3, 363047
What are the prime factors of 51760023?
3, 7, 352109
List the prime factors of 695834060.
2, 5, 31, 47, 23879
List the prime factors of 137686729.
109, 1263181
What are the prime factors of 5092470860?
2, 5, 254623543
List the prime factors of 42863562.
2, 3, 7, 17, 20011
List the prime factors of 269916787.
7, 38559541
What are the prime factors of 110915727?
3, 13, 2843993
List the prime factors of 1155856669.
11, 31, 59, 73, 787
What are the prime factors of 59729186?
2, 11, 2714963
List the prime factors of 653019.
3, 109, 1997
What are the prime factors of 13680096?
2, 3, 142501
List the prime factors of 297792250.
2, 5, 7, 170167
What are the prime factors of 48727869?
3, 23, 706201
What are the prime factors of 260596378?
2, 7, 29, 641863
List the prime factors of 447483785.
5, 7, 137, 93323
List the prime factors of 146152266.
2, 3, 13, 797, 2351
List the prime factors of 8547429770.
2, 5, 11, 673, 115459
What are the prime factors of 1266521724?
2, 3, 13, 127, 7103
What are the prime factors of 189271499?
189271499
What are the prime factors of 992624697?
3, 110291633
What are the prime factors of 22712965?
5, 11, 503, 821
What are the prime factors of 62092532?
2, 19, 41, 19927
List the prime factors of 513014180.
2, 5, 7, 1217, 3011
What are the prime factors of 598352367?
3, 1549, 128761
List the prime factors of 3633591091.
13, 2797, 7687
List the prime factors of 13564082.
2, 7, 61, 2269
List the prime factors of 1018996154.
2, 11, 46318007
List the prime factors of 2478547730.
2, 5, 61, 109, 37277
List the prime factors of 316878459.
3, 509, 207517
What are the prime factors of 407074155?
3, 5, 27138277
List the prime factors of 44687720.
2, 5, 7, 11, 1319
What are the prime factors of 725149362?
2, 3, 7, 17265461
List the prime factors of 48625523.
48625523
What are the prime factors of 1416713940?
2, 3, 5, 7870633
List the prime factors of 81420767.
59, 1380013
What are the prime factors of 595058960?
2, 5, 349, 21313
List the prime factors of 71133790.
2, 5, 7, 13, 859
List the prime factors of 3194349546.
2, 3, 61, 8727731
What are the prime factors of 23290366?
2, 11, 1058653
What are the prime factors of 43413944?
2, 7, 61, 71, 179
What are the prime factors of 2304732491?
71, 79, 410899
List the prime factors of 67005132.
2, 3, 5583761
What are the prime factors of 1712501814?
2, 3, 31, 409, 22511
What are the prime factors of 15124405?
5, 3024881
What are the prime factors of 462811600?
2, 5, 277, 4177
What are the prime factors of 232160283?
3, 29, 479, 619
List the prime factors of 2688163539.
3, 17, 541, 97429
List the prime factors of 141977148.
2, 3, 31, 381659
List the prime factors of 257598874.
2, 13, 9907649
List the prime factors of 46000093.
46000093
What are the prime factors of 392560209?
3, 17, 107, 7993
What are the prime factors of 4379160?
2, 3, 5, 36493
List the prime factors of 718112868.
2, 3, 11, 41, 132689
List the prime factors of 223810466.
2, 11, 10173203
List the prime factors of 1074076463.
4583, 234361
What are the prime factors of 471064142?
2, 59, 3992069
What are the prime factors of 45602566?
2, 22801283
List the prime factors of 3117899408.
2, 13, 14989901
What are the prime factors of 4544614685?
5, 13, 101, 692249
What are the prime factors of 4162885?
5, 23, 53, 683
What are the prime factors of 112717216?
2, 3522413
List the prime factors of 12469070.
2, 5, 1246907
List the prime factors of 123796672.
2, 23, 37, 2273
List the prime factors of 133847524.
2, 157, 213133
What are the prime factors of 258798679?
139, 1861861
List the prime factors of 28752164.
2, 7, 449, 2287
What are the prime factors of 280259934?
2, 3, 46709989
What are the prime factors of 553633092?
2, 3, 23, 31, 21569
What are the prime factors of 1248393668?
2, 312098417
List the prime factors of 1644554651.
37, 43, 1033661
List the prime factors of 53835759.
3, 19, 34981
List the prime factors of 99347862.
2, 3, 16557977
What are the prime factors of 48675623?
677, 71899
List the prime factors of 305063270.
2, 5, 30506327
List the prime factors of 3125661927.
3, 1041887309
What are the prime factors of 5134453610?
2, 5, 11, 13, 89, 40343
List the prime factors of 525310355.
5, 1453, 72307
What are the prime factors of 72157973?
3347, 21559
What are the prime factors of 678141347?
13, 43, 1213133
List the prime factors of 32885912.
2, 383, 10733
List the prime factors of 77699961.
3, 29, 41, 53, 137
What are the prime factors of 1639594726?
2, 7, 11, 10646719
List the prime factors of 2448956.
2, 37, 16547
What are the prime factors of 140055619?
11, 37, 344117
What are the prime factors of 1929884696?
2, 7603, 31729
List the prime factors of 572717613.
3, 13, 14685067
List the prime factors of 2719035.
3, 5, 11, 1831
List the prime factors of 178453631.
178453631
List the prime factors of 34163776.
2, 533809
List the prime factors of 39071063.
199, 196337
What are the prime factors of 44873736?
2, 3, 23, 81293
What are the prime factors of 19102331?
19102331
List the prime factors of 77828799.
3, 25942933
List the prime factors of 592179883.
592179883
List the prime factors of 135948935.
5, 27189787
What are the prime factors of 157843903?
7, 89, 253361
What are the prime factors of 289492538?
2, 2063, 70163
List the prime factors of 3339161988.
2, 3, 23, 12098413
What are the prime factors of 876954607?
16411, 53437
What are the prime factors of 821442818?
2, 7, 58674487
List the prime factors of 4897075224.
2, 3, 373, 547037
List the prime factors of 1655230351.
23, 1951, 36887
What are the prime factors of 150000617?
13, 1987, 5807
What are the prime factors of 280644957?
3, 61, 511193
What are the prime factors of 4543839441?
3, 17, 29698297
What are the prime factors of 959130685?
5, 191826137
List the prime factors of 488185414.
2, 9067, 26921
List the prime factors of 956820343.
859, 1113877
List the prime factors of 811242826.
2, 405621413
What are the prime factors of 608921111?
608921111
What are the prime factors of 41748547?
41748547
What are the prime factors of 3017830627?
7, 20507, 21023
List the prime factors of 169435307.
169435307
List the prime factors of 2672746358.
2, 17, 78610187
What are the prime factors of 19866000?
2, 3, 5, 7, 11, 43
What are the prime factors of 547797526?
2, 547, 500729
What are the prime factors of 474326875?
5, 11, 68993
List the prime factors of 37096459.
37, 139, 7213
List the prime factors of 292588586.
2, 71, 163, 12641
What are the prime factors of 412628338?
2, 151, 599, 2281
List the prime factors of 1669656250.
2, 5, 23, 101
List the prime factors of 42517188.
2, 3, 7, 168719
List the prime factors of 54010994.
2, 27005497
What are the prime factors of 62208291?
3, 881, 23537
What are the prime factors of 108466794?
2, 3, 6025933
What are the prime factors of 33166191?
3, 19, 581863
What are the prime factors of 856719769?
29, 29542061
What are the prime factors of 4031216286?
2, 3, 347, 1936223
List the prime factors of 647049513.
3, 11, 587, 33403
List the prime factors of 1485686937.
3, 7, 37, 43, 53, 839
List the prime factors of 89017876.
2, 337, 66037
List the prime factors of 407520236.
2, 79, 1289621
What are the prime factors of 198595546?
2, 3041, 32653
List the prime factors of 48096298.
2, 17, 1414597
List the prime factors of 6487008.
2, 3, 11, 6143
What are the prime factors of 453061507?
453061507
List the prime factors of 1279807369.
1091, 1173059
What are the prime factors of 5663895?
3, 5, 377593
What are the prime factors of 236345683?
7, 557, 60617
What are the prime factors of 216336605?
5, 43267321
List the prime factors of 708832789.
7, 101261827
List the prime factors of 622075197.
3, 207358399
List the prime factors of 3137855720.
2, 5, 733, 107021
What are the prime factors of 126481101?
3, 2381, 17707
List the prime factors of 5635277726.
2, 13, 167